 + 7cb13?
7cb10
In base 9, what is -5 - 171363585?
-171363601
In base 8, what is -415 + -16215631?
-16216246
In base 9, what is 23880 + -1408?
22471
In base 15, what is 61e337 - 3?
61e334
In base 6, what is 23442 + 510?
24352
In base 16, what is 4488f4 - -5?
4488f9
In base 4, what is -2013022203 - 223?
-2013023032
In base 16, what is -2 - 23f76f8?
-23f76fa
In base 16, what is 1 - -5f93ab?
5f93ac
In base 9, what is 4377 - -245541?
251028
In base 13, what is 2250 - 3ab?
1b72
In base 9, what is 3073134215 - -2?
3073134217
In base 8, what is 54146 - -17524?
73672
In base 12, what is -127 + -12047?
-12172
In base 7, what is -4263563565 + -5?
-4263563603
In base 8, what is 11243 + 4263?
15526
In base 16, what is 8 - 671fec?
-671fe4
In base 10, what is 0 - -58906051?
58906051
In base 4, what is 3311002030021 - -2?
3311002030023
In base 10, what is -5 + 2889742?
2889737
In base 12, what is 46877 - 88?
467ab
In base 12, what is 5 - 2047362a?
-20473625
In base 10, what is -23 + 84515?
84492
In base 7, what is -200012 - -56036?
-110643
In base 14, what is -8 - 2a9956?
-2a9960
In base 3, what is -12 + 22110210010121110?
22110210010121021
In base 4, what is -102032030212103 - -12?
-102032030212031
In base 11, what is -926 - 13932?
-14758
In base 4, what is -22002120221 - -11?
-22002120210
In base 13, what is -4 - 37ca73?
-37ca77
In base 5, what is -42 - -120213440?
120213343
In base 4, what is 121031321 + -2122?
121023133
In base 9, what is 4 - -145341333?
145341337
In base 9, what is 34213023 - -7?
34213031
In base 10, what is -237498 - -59?
-237439
In base 16, what is 64cf9 - 1a?
64cdf
In base 14, what is 4b - -9d1ab?
9d218
In base 15, what is -1 + -3c26e6?
-3c26e7
In base 4, what is 2201 + -2100323?
-2032122
In base 6, what is 2 + -24220001205?
-24220001203
In base 3, what is -11210120012212102 + -12?
-11210120012212121
In base 14, what is -2 - -44867?
44865
In base 6, what is -123 - -15123113?
15122550
In base 4, what is 111 - -213112312?
213113023
In base 8, what is 1727720 + 125?
1730045
In base 5, what is -21302112043 + -10?
-21302112103
In base 11, what is 49915 + 31?
49946
In base 9, what is 50052 + -1804?
47147
In base 6, what is -15 - 2341335?
-2341354
In base 13, what is 13 - 4631c3?
-4631b0
In base 2, what is 1011101001101000001101 - -1?
1011101001101000001110
In base 13, what is -6 - 147924?
-14792a
In base 6, what is 41205 - -5431?
51040
In base 16, what is -461d - 258?
-4875
In base 9, what is -5321384348 + 1?
-5321384347
In base 16, what is 5b4d5 + 3c?
5b511
In base 2, what is 1100 + -1101101101110001010110001?
-1101101101110001010100101
In base 2, what is -100101101 + 1000111011110111?
1000110111001010
In base 6, what is -130555431 + 210?
-130555221
In base 3, what is 1 + -200121012200020?
-200121012200012
In base 4, what is -3222231 - 2110231?
-11333122
In base 16, what is af - -7fb3?
8062
In base 14, what is -2bd5c2 + -3?
-2bd5c5
In base 3, what is -2122 - 20210011020?
-20210020212
In base 12, what is b5 + -2156bab?
-2156ab6
In base 2, what is 11011101110001 + 11111100011?
11111101010100
In base 9, what is 1014854 + -5?
1014848
In base 6, what is -152230151 - -5?
-152230142
In base 16, what is 414 + 97e?
d92
In base 14, what is -2824 + -d541?
-11d65
In base 7, what is 4 + -5035113?
-5035106
In base 6, what is 0 + -345213354?
-345213354
In base 13, what is -60a6 - 202b?
-8104
In base 14, what is 8 + -3047d?
-30475
In base 2, what is -10 - -11001000010111010011010110?
11001000010111010011010100
In base 12, what is -1150a7 - -44?
-115063
In base 16, what is 1722 + 4996?
60b8
In base 10, what is 23118813 + -5?
23118808
In base 12, what is -10a + -1906a?
-19178
In base 2, what is 100001110100011010000011 + -1100?
100001110100011001110111
In base 8, what is 14355 - -52152?
66527
In base 4, what is -1 - 31332212?
-31332213
In base 14, what is 10553 - -10a?
1065d
In base 16, what is -51 + 1f7033?
1f6fe2
In base 10, what is 3 - -2367769?
2367772
In base 16, what is 1 + 1023ed?
1023ee
In base 5, what is -1122134124 - 3212?
-1122142341
In base 10, what is -1 + 131236924?
131236923
In base 14, what is -17b - 6362?
-64dd
In base 3, what is -101101001 - 12010?
-101120011
In base 9, what is -1881481 + 55?
-1881425
In base 10, what is -155618 + -1139?
-156757
In base 12, what is -4 - -1213574?
1213570
In base 13, what is 59c04 + 11c?
5a023
In base 11, what is 5 + -2505610?
-2505606
In base 2, what is 11 - -10011000000100101101110000?
10011000000100101101110011
In base 2, what is -101 + 10100100010100101001000110?
10100100010100101001000001
In base 4, what is -231112 - -2202000?
1310222
In base 15, what is 9350b - a3?
93458
In base 15, what is 1b + -3c11e?
-3c103
In base 10, what is -89770647 + -3?
-89770650
In base 8, what is -23106502 - -44?
-23106436
In base 14, what is 4 + -1312893?
-131288d
In base 9, what is -10 - 24813137?
-24813147
In base 7, what is -32 - -133610262?
133610230
In base 14, what is -129 - -8595c3?
859498
In base 11, what is 766692a + -24?
7666906
In base 11, what is -1 + 53a132?
53a131
In base 7, what is -1115 - -2032224?
2031106
In base 5, what is 343422 - -200220?
1044142
In base 8, what is -1366430 + -13?
-1366443
In base 10, what is -4 + -8683798?
-8683802
In base 10, what is 128 - -177613?
177741
In base 11, what is -5 - 143869?
-143873
In base 8, what is 211516 - -417?
212135
In base 14, what is -1c8d - 12b?
-1dba
In base 15, what is 4 + 41b494?
41b498
In base 8, what is -1477316 + 25?
-1477271
In base 5, what is -10342010232 + -210?
-10342010442
In base 16, what is -e3ca3e8 + -3?
-e3ca3eb
In base 10, what is -2 - 839668?
-839670
In base 7, what is -4151026 - 60?
-4151116
In base 2, what is 1011010001111111 + 111101101101?
1100001111101100
In base 9, what is -7 - 7010540?
-7010547
In base 13, what is -3 + 8260a2?
82609c
In base 5, what is -3242211 + -20211?
-3312422
In base 10, what is 1 + 13416327?
13416328
In base 5, what is 2001 - 13103024?
-13101023
In base 15, what is -44655 - 7d3?
-44e38
In base 9, what is 2013 - 307237?
-305224
In base 4, what is 230 - 11002101311?
-11002101021
In base 7, what is -2 - -23522402?
23522400
In base 12, what is 2 + -1b0b971?
-1b0b96b
In base 15, what is -39 - -29c8be?
29c885
In base 4, what is 0 + 102312032002?
102312032002
In base 8, what is 33146 - 55133?
-21765
In base 12, what is 3 + 4a7778?
4a777b
In base 7, what is 6101461255 + -2?
6101461253
In base 7, what is -2 - -331463105?
331463103
In base 13, what is 2972 - -1c6?
2b68
In base 13, what is 13 - -1402c79?
1402c8c
In base 8, what is -23666426 - -3?
-23666423
In base 3, what is -1 - -221011220112011?
221011220112010
In base 5, what is -4200231242 + -10?
-4200231302
In base 15, what is -32 + -467e7?
-46829
In base 15, what is 420d + ba2?
4db0
In base 11, what is 8 + 722950?
722958
In base 16, what is 2 + -d5da7a?
-d5da78
In base 3, what is -1 - -1122201112210120?
1122201112210112
In base 7, what is 1040042 + 1415?
1041460
In base 8, what is 4 - -1122101572?
1122101576
In base 3, what is -1222011 + 11020121?
2021110
In base 7, what is -225 - 135252242?
-135252500
In base 16, what is 9b3b18 + 4?
9b3b1c
In base 11, what is -1a6208 + -8?
-1a6215
In base 9, what is 14 + -145283072?
-145283057
In base 6, what is 1034231414 - 325?
1034231045
In base 2, what is -10011100 - 1011100111000000?
-1011101001011100
In base 2, what is 110000000000001011010001001 + 1?
110000000000001011010001010
In base 16, what is 14a8f0 + 11?
14a901
In base 13, what is -5 - 398945?
-39894a
In base 12, what is a778b - 192?
a75b9
In base 2, what is 110111010101 - 1011110011011?
-100111000110
In base 3, what is 2021121202101012 + 1?
2021121202101020
In base 7, what is 1160 + 442560?
444050
In base 2, what is -110 + -1001000010001111000?
-1001000010001111110
In base 2, what is 10 + -11111010111001000001?
-11111010111000111111
In base 8, what is 120 - -133226?
133346
In base 14, what is -1 + -d479ab?
-d479ac
In base 6, what is 354205014 - -22?
354205040
In base 2, what is 1000011001 + -111101110101111001?
-111101101101100000
In base 6, what is -45 + -454310115?
-454310204
In base 16, what is 8 + -1f43722?
-1f4371a
In base 5, what is -11422 + 4004211?
3442234
In base 13, what is -6b3 + 247669?
246c86
In base 7, what is -225 - -3060422?
3060164
In base 3, what is 